 + 36605. What are the prime factors of r?
11, 3547
Suppose 2*o + 4*p = 54584, 2*o + 13044 = -5*p + 67634. List the prime factors of o.
2, 5, 11, 31
Suppose -6*b = -4*b + 2. Let u be (2/4*b)/((-18)/36). What are the prime factors of 1 + 93 + -1 + u?
2, 47
Suppose -u - 12*s = -16*s - 21555, 2*u + s = 43038. What are the prime factors of u?
21523
Let v be 45/(-75) + (-344)/10. Let z be (-3)/(-7) - 2540/v. Let p = z - 43. What are the prime factors of p?
2, 3, 5
Suppose -3*g - 28*r = -25*r, 5*r = -10. Suppose -g*p + 2349 - 77 = 0. What are the prime factors of p?
2, 71
Suppose 3*s - 536 = -5*i, -i = -4*i - 3*s + 324. Let t(x) = -30*x + 285. Let y be t(11). Let m = i - y. List the prime factors of m.
151
Let r be 7194/(-594) + 2/18. Let w(b) = -b**2 - 17*b - 7. Let h(z) = -1. Let o(j) = -4*h(j) + w(j). List the prime factors of o(r).
3, 19
Suppose -277*i - 2367105 = -476*i. What are the prime factors of i?
3, 5, 13, 61
Let z(o) = -12*o + 161. Let v be z(13). Suppose 2378 = 4*m - v*a, -4*m - m + 5*a = -2970. What are the prime factors of m?
2, 37
Let p = 10 - 8. Suppose 3*m + p*y + 2 = 0, 4*m + 2*y + 3 = 1. Suppose 2*t - 58 + 18 = m. List the prime factors of t.
2, 5
Let u = 443 + 302. Suppose -2*n + 2*b = -10, -4*b = 2*n - 4*n + 10. Suppose 2*c + u - 60 = n*o, -3*c - 690 = -5*o. What are the prime factors of o?
3, 5
Let f(j) = j**3 - 23*j**2 - 22*j - 5. Let q be f(24). Suppose q*c - 5007 = 30554. List the prime factors of c.
827
Suppose -g = -40 - 40. Suppose -5*n - g = -9*n. Suppose -2*q + 84 + n = 0. What are the prime factors of q?
2, 13
Suppose 72*v - 79*v + 45409 = 0. List the prime factors of v.
13, 499
Suppose 2*m - 4*h = -2*m + 24, -2*m - 4 = 2*h. Let f be (-2*m)/4*(3 + -3). Let g(n) = -n**2 - n + 91. List the prime factors of g(f).
7, 13
Let r = 479 - -833. List the prime factors of r.
2, 41
Suppose 47*g - 1918 - 996 = 0. Let u = -56 + g. List the prime factors of u.
2, 3
Let i = -38 - -58. Suppose -4*h = i, -z - 2*h = -6*h - 4. Let a = 11 - z. List the prime factors of a.
3
Suppose -l = -2*l + 4*v + 16, -3*v = l - 16. Suppose 0 = -l*u + 17*u - 4. Suppose -3*s - t = -497, u*s + 4*t - 681 = -t. List the prime factors of s.
2, 41
Suppose -5*x - 4*n + 0*n = 0, 3*x = n. Suppose x = -5*k - 16 - 29. What are the prime factors of ((-3)/k)/(5/1635)?
109
Let k = -19 - -23. Suppose k*t + 12 = 0, -4*v + 1841 = 5*t + 340. List the prime factors of v.
379
Let f(i) = -i**2 - 6*i + 18. Suppose 0 = -0*t - 4*t + 12. Suppose 7*o - t = -38. What are the prime factors of f(o)?
23
Let l = 996 - 1843. Let j = -42 - l. What are the prime factors of j?
5, 7, 23
Let f = 34 + -37. Let l be (f/(-9))/((-2)/(-12)). Suppose -22 = -l*z - 5*p, 6*p + 34 = 2*z + 5*p. What are the prime factors of z?
2
List the prime factors of ((-10696)/189)/8 + (-4)/(-54) + 9454.
3, 47, 67
Suppose 210519 = 9*f - 1394 - 67852. What are the prime factors of f?
5, 6217
Let u(n) = n**3 - 10*n**2 - 8*n - 27. Suppose 2*v = 4*v - 22. Let d be u(v). Suppose -s + 24 = -d. List the prime factors of s.
2, 3, 5
Let r(z) = -z**3 - 9*z - 9. Let j = -145 - -143. List the prime factors of r(j).
17
Let i(p) be the first derivative of 43*p**3/3 + p**2/2 - 201. Let j = 1 + -2. List the prime factors of i(j).
2, 3, 7
Let l(g) = -g**2 - 18*g + 1. Let z be l(-18). Let h be (34/z)/((-6)/(-18)). Suppose -h = -15*x + 13*x. What are the prime factors of x?
3, 17
Suppose 0 = 432*o - 406612 - 11416766 - 1862382. What are the prime factors of o?
2, 3, 5, 11
Let f = -1567 - -2582. List the prime factors of f.
5, 7, 29
Suppose -178*s + 236*s = -205*s + 8676896. What are the prime factors of s?
2, 1031
Let r = 1297 - -19660. List the prime factors of r.
19, 1103
What are the prime factors of -17097*(9 + (-28)/3)?
41, 139
Let n be (1 + -181)/(-9)*4/8. Let k(i) = i**3 + 11*i**2 - 42*i - 6. What are the prime factors of k(n)?
2, 3, 31
Let z = 128160 + -79711. What are the prime factors of z?
48449
Let p = 367 + 125. Suppose 6*g - 3*g = p. Suppose 7*t + 201 = 3*w + 4*t, 2*w + 4*t - g = 0. What are the prime factors of w?
2, 3
Let v(a) = a**2 - 6*a - 6. Let f be v(7). Let z be (0/(-2))/(f - (-1 + 3)). List the prime factors of -78*2/(-4) + (z - -2).
41
Let d be 2110/40 - 3/4. List the prime factors of -5 + 1 - (-28964)/d.
7, 79
What are the prime factors of (-12976)/(-2) - (-4 - 8*3/(-3))?
2, 1621
Let f(b) = 82*b**2 - 40*b + 4. Let d be f(6). Suppose 2*c = -3*i + 1143 + 2939, 4*c = -2*i + d. What are the prime factors of i?
2, 3, 227
Let a = 7231 - -1496. What are the prime factors of a?
3, 2909
Suppose 13*y - 3*y - 50 = 0. Suppose y*o - 25 = 0, 2*l + 3*o - 309 = -l. Suppose w = -2*w, 2*f - l = 5*w. What are the prime factors of f?
7
Let u = 18207 - 5229. Suppose 2*d = 11*d - u. List the prime factors of d.
2, 7, 103
Suppose -152*h + 18375 + 125447 = -4226. What are the prime factors of h?
2, 487
Let h = 54 + -48. Suppose 0*r = -h*r + 150. Let d(t) = -t**2 + 30*t - 42. What are the prime factors of d(r)?
83
Let u(s) = 137*s**2 - 24*s + 9. What are the prime factors of u(-7)?
2, 5, 13, 53
Suppose 13 = i + 5*o, 0*i = -4*i + 5*o + 2. Let m(s) = 4*s - 167*s**2 + 168*s**2 + 137 - 3*s - s**i + 2*s**3. List the prime factors of m(0).
137
Let s = -58 - -405. Suppose 0 = -2*b - 4*m + 3*m + s, -5*m + 25 = 0. List the prime factors of b.
3, 19
Let b = -69 - -282. What are the prime factors of b?
3, 71
Let d(r) = -r**2 + 6*r + 9. Let g be d(7). Let w be (4 - (3 + -1))*1/g. List the prime factors of (4/14)/w + 750/21.
2, 3
Let d(m) = 70*m**2 - 41*m + 196. What are the prime factors of d(9)?
23, 239
Let l(p) = -3*p**2 + 8*p + 2. Let a be l(3). Let t be 5/(-4 + a)*-89. Suppose -59 = -4*u + t. What are the prime factors of u?
37
What are the prime factors of (-8)/((-17)/(-51)*((-3)/1571 - 0))?
2, 1571
Let t be 16*-6*14/16. Let i = 84 + t. Suppose a - 4*j - 135 = i, a - j - 216 + 75 = 0. List the prime factors of a.
11, 13
Let v(j) = 3*j**2 - 28*j + 8. Let p(a) = a - 2. Let d(m) = -4*p(m) + v(m). List the prime factors of d(21).
23, 29
Let s(j) = 28*j**2 - 61*j + 415. List the prime factors of s(6).
7, 151
Suppose 19*s + 7*h - 34378 = 16*s, -5*s - 2*h + 57345 = 0. List the prime factors of s.
11471
What are the prime factors of -1 + -4 + (-7 - -4) - -6481?
6473
Let o be (-1 - -129)*(-7)/(-35)*5. Let w = o - 97. List the prime factors of w.
31
Let m(n) = -31*n - 28. Let f be m(-1). List the prime factors of -45*f/((-1 - -3) + -7).
3
Let t(d) = 59*d**3 + 18*d**2 - 116*d + 39. List the prime factors of t(6).
3, 5, 283
Let h = -16471 + 44697. List the prime factors of h.
2, 11, 1283
Suppose -27*m + 515812 = -299264. What are the prime factors of m?
2, 7547
Let t be 22/6 - 3 - 2/(-6). Let n be (t - 0) + 3 + -2. Suppose k + 0*k - 3*r = 85, -4 = -n*r. List the prime factors of k.
7, 13
Suppose -2*m - 24 = -4*i, -2*i - 2*m = -5*m - 20. Suppose 2*v = -1 + 35. Suppose i*r + v - 324 = -5*o, 4*r = 2*o - 134. What are the prime factors of o?
3, 7
Suppose -2*i - 2*i = -4. Let j = i - 10. Let k = j + 32. List the prime factors of k.
23
Let o be 1/2*-5*8/10. Let h be 6/(-6) + 1*(6 + o). Suppose 2*c = b - 105, h*b - 3*c = 203 + 100. List the prime factors of b.
97
Let m = 43 + -41. Suppose o + 2072 = 5*p, 2*p + 5*o - 1675 = -m*p. Suppose 0 = -5*j + 580 + p. List the prime factors of j.
199
Let z = -118 + 266. Let v = 17 + 0. Suppose -5*k + 4*a + z = 0, -k + 8*a = 3*a - v. List the prime factors of k.
2
Suppose -4*j + 105188 = -l, 4*l = 3*j + 1910 - 80801. List the prime factors of j.
26297
Suppose 5*d - d = 32. Let w(l) = 1 + 1 + 5 + 0*l**3 - l**3 + 9*l**2. List the prime factors of w(d).
71
Suppose 17*f + 17799 - 67932 = 0. List the prime factors of f.
3, 983
Let r(c) = 19*c**2 - 3*c + 2. Let a be r(1). Suppose -a*f = -24*f + 3258. What are the prime factors of f?
3, 181
Let g(x) = -2*x**3 - 5*x**2 + 23*x - 5. Let k(f) = f**3 - 10*f**2 + 17*f - 16. Let c be k(8). List the prime factors of g(c).
5, 103
Suppose 343*i - 338*i - 5*r - 33770 = 0, -5*i = 5*r - 33700. List the prime factors of i.
3, 13, 173
Suppose -4*v - 35 = -5*d, 0*d - 3*v + 4 = -d. Suppose 5 = d*s - 12*s, 0 = -4*g - 2*s - 470. Let b = g + 271. List the prime factors of b.
2, 3, 13
Suppose 0 = -2*t - 2*d - 0*d + 392, -754 = -4*t + 2*d. Suppose -t - 215 = -k - 4*o, -6 = 2*o. List the prime